ive k(1).
8
Let n(h) be the first derivative of -3*h**2 + h - 18. Calculate n(-1).
7
Suppose 5*z + 0*z = -5. Let l(y) = -y + 5 + y**2 - 5. Determine l(z).
2
Let o(u) = u**2 + 11*u + 6. Suppose 13*s - 6*s + 63 = 0. What is o(s)?
-12
Let o(c) be the third derivative of -c**5/60 + c**4/6 - 2*c**3/3 - 9*c**2. Determine o(4).
-4
Let b(z) = -z**3 + 4*z**2 + 3*z - 6. Let h = 30 - 26. Calculate b(h).
6
Let p be (2 + -1)*(3 + 0). Let b(j) be the third derivative of 0 - 1/8*j**4 + 0*j**p - j**2 + 0*j. Give b(-1).
3
Let n = 45 - 44. Let b(y) = -8*y - 1 + 5*y - 7*y. Calculate b(n).
-11
Let z(k) = k**3 - 5*k**2 - 7*k - 5. Suppose -20 = -3*p - 2*v, 4*p - 3*v - 29 = -8*v. Give z(p).
-11
Suppose 5*v - 30 = -0. Let o(n) = -n**2 + 5*n - 4. Calculate o(v).
-10
Let c = -10 - -12. Let i(n) = 2*n**2 - 3*n + 2. Calculate i(c).
4
Suppose -2*d - 3*d + 21 = 4*o, -3*d = -4*o - 19. Suppose -d*l = -0*l. Let b(h) = h + 5. What is b(l)?
5
Let r(y) = y**3 + 9*y**2 + 9*y + 3. Suppose -3*u + 2*p = 5*p + 39, -3*u - p = 29. Determine r(u).
-5
Suppose -9 = 7*k + 5. Let r(b) = -5*b - 6 + 0 + 4. Determine r(k).
8
Let u(s) be the third derivative of s**6/120 - 7*s**5/60 - 3*s**4/8 + 11*s**3/6 - s**2 + 7. Give u(8).
3
Suppose t - 4 = -2*j, -2*t - 2*j + 8 = j. Let b = 9 - t. Let p(v) = 2*v + 1 + 1 - b. What is p(5)?
7
Let l(i) = 7*i**3 + 2*i**2 + 2*i + 1. Let h(v) = v**3 - 7*v**2 - v + 8. Let o be h(7). Suppose 0 = -a + 2*a + o. What is l(a)?
-6
Let v be ((-9)/(-4))/(3/(-8)). Let x = v - -11. Let w(l) = -1 - 2*l + 6*l**2 - x*l**2 + 3*l**2 + l**2. Calculate w(-1).
6
Let a(j) = 3*j - 4. Let c be 2*3/(-3) - 3. Let h be c/(-2) - 1/(-2). Suppose 0 = o - h*k, -2*o = o + 4*k - 13. Determine a(o).
5
Let x(k) = -k**3 + 2*k - 1. Let p(v) = -2*v - 6. Let s be p(-5). Let w be 16/s + -3 + 1. Give x(w).
-5
Let j(m) = 2*m - 1. Suppose 6 = -4*y + 7*y. Let c = 98 - 98. Let l = y + c. Give j(l).
3
Let q(o) = 4*o - 4. Let s be q(-1). Let b(p) = -p**2 - 7*p + 2. What is b(s)?
-6
Let b(z) = -z**3 + 10*z**2 + z - 10. Let c be b(10). Let o(u) be the second derivative of -1/6*u**4 + u + c*u**2 - 3/10*u**5 - 1/6*u**3 + 0. What is o(-1)?
5
Let i(j) = j**2 + 6*j + 2. Let y be 20/(-6) + (-12)/18. Calculate i(y).
-6
Let y(z) = z**2 - 3*z + 3. Suppose 11*c - 8*c = 6. Calculate y(c).
1
Let a(d) = d**2 - d. Let h = 1 + 0. Let f be a(h). Let o(z) = f*z + 0 - 4 - 4*z + z**2. Determine o(4).
-4
Let i(f) = 2*f - 3. Let x(h) = h - 3. Let r be x(5). Give i(r).
1
Suppose -22 = -3*k + 2*h, -4*k + 2*h - 7 + 33 = 0. Let a(r) = -r + 5. Determine a(k).
1
Let s(n) = n**3 - 6*n**2 + n - 6. Let t be s(6). Suppose 5*v = -h - 13, -3*v - h = -t*h + 9. Let j(z) = -3*z**2 - 2 - 3*z + 2. Give j(v).
-6
Let p be (11/(-22))/(1/2). Let n = 2 - p. Let v(f) = -f**3 + 2*f**2 + 5*f - 4. Give v(n).
2
Let i be 15/(-4) + (-2)/8. Let u(h) = h**3 + 4*h**2 - 4*h + 4. Let g(s) = -2*s**3 - 8*s**2 + 9*s - 8. Let v(a) = -4*g(a) - 9*u(a). What is v(i)?
-4
Let p(o) = o**3 + 12*o**2 - 12*o + 7. Let b be p(-13). Let n(i) = -i - 6. Give n(b).
0
Let o = -3 + 13. Suppose 2*w = -0*w - o. Let a(p) = p**3 + 6*p**2 + 5*p + 6. Give a(w).
6
Let v(t) be the first derivative of -1/20*t**5 - t**2 + 1 + 1/6*t**3 - 1/120*t**6 + 1/24*t**4 + 0*t. Let n(y) be the second derivative of v(y). Calculate n(-3).
-2
Let g(r) = r**3 - 7*r**2 - 7*r + 7. Let k = -73 + 81. Determine g(k).
15
Suppose 5*n - 4*k = -37, 0*k = n + 2*k + 13. Let o = -4 - n. Let s(m) = m**2 - 7*m + 5. Determine s(o).
-5
Let k be -2 + 6/(3 - 2). Let o(a) = a - 7. Calculate o(k).
-3
Let p(c) be the third derivative of -c**5/20 + c**4/24 - c**3/6 - c**2. Suppose y + 6 = 3*y. Let u be (y - 7)*(-1)/4. What is p(u)?
-3
Suppose -3*f + 36 + 0 = 0. Suppose 3*l = l - n + 3, -4*n = -5*l - f. Let g = l - 4. Let w(x) = 2*x + 1. Calculate w(g).
-7
Let k(p) be the second derivative of p**3/6 + 2*p**2 + 7*p. Give k(-5).
-1
Let c = -14 + 14. Suppose 4*g + g + 15 = 0. Let k be c + g*(-2)/3. Let b(w) = -3*w**2 + 2*w - 2. Calculate b(k).
-10
Let g(a) = -2*a - 17. Let o be g(-8). Let h(f) = -f + 1. Let d(x) = -2*x**2 + x - 3. Let y(m) = d(m) + 2*h(m). Determine y(o).
-2
Let h(i) = 2*i - 3. Let v(y) = 10*y - 2. Let o be v(1). Let s = 5 - o. What is h(s)?
-9
Let v(f) = -5*f**3 + 3*f + 1 + 5*f**2 + 2*f**3 - 8*f + 2*f**3. Determine v(4).
-3
Let w(a) = -603 - 5*a + 2*a**2 + 597 - 3*a**2. Determine w(-5).
-6
Let p(s) be the second derivative of s**6/360 - s**5/24 + s**4/4 + 2*s**3/3 + 2*s. Let t(q) be the second derivative of p(q). Determine t(4).
2
Let u(f) = 5*f - 3. Let g be -8*2*(-3)/24. Calculate u(g).
7
Let w = -329 + 325. Let f(g) = -g. Let c(a) = -a + 1. Let b(j) = 2*c(j) - 3*f(j). Determine b(w).
-2
Let h(c) = -c**3 + 7*c**2 - 5*c + 5. Let a be (-27)/(-5) - 3/(-5). What is h(a)?
11
Let k(t) = t**2 + t + 1. Let r = -31 - -20. Let u = r + 7. Let n(d) = -d**2 - 2*d + 5. Let f be n(u). Give k(f).
7
Let y(n) = 2*n - 1. Let h(b) be the second derivative of -b**3/6 - b. Let t be (-84)/48 - (-6)/8. Let q(u) = t*h(u) - y(u). What is q(2)?
-1
Let o(v) = -4*v + 8. Let n(d) = -d**2 + 5*d + 5. Let x be n(5). Let l(f) = 7*f - 15. Let q(j) = x*o(j) + 3*l(j). Determine q(4).
-1
Let b(l) = -8*l**3 - 17*l**2 - 6*l + 6. Suppose 19 = -4*c + 3. Let h(t) = -3*t**3 - 6*t**2 - 2*t + 2. Let f(q) = c*b(q) + 11*h(q). Calculate f(3).
-5
Let j(i) = i**2 + 4*i + 1. Let y = -35 - -24. Let h = y + 6. Determine j(h).
6
Let f(b) = b**2 + b + 7. Let o(i) = 1. Let z(a) = -f(a) + 6*o(a). Calculate z(2).
-7
Let u(b) = -b**3 - 3*b**2 - b + 1. Let w(g) = -2*g + 6*g + 1 - 2*g - g. Let n(s) = -6*s + 4. Let k(z) = n(z) + 5*w(z). Let x be k(11). Calculate u(x).
-1
Suppose 6 - 2 = j. Let y(r) = r**3 - 4*r**2 - 3*r + 4. Give y(j).
-8
Let h(v) be the third derivative of v**5/60 - v**4/12 - v**3/3 - 2*v**2. Suppose 4*l = -1 - 7. Determine h(l).
6
Let b(l) = l**3 - 3*l**2 + 3*l - 2. Suppose 0*q = -5*q - 30. Let r be (q/(-4))/(12/(-16)). Let a = 4 + r. Give b(a).
0
Let n(r) = r**2 - 2*r - 4. Let c(z) = -z**2 + 2*z + 3. Let s(h) = 4*c(h) + 3*n(h). Suppose 5*w - 14 - 1 = 0. What is s(w)?
-3
Let o(z) be the first derivative of 5/2*z**2 + 1 - 1/3*z**3 + 5*z. Calculate o(6).
-1
Suppose u = -4*g + 2, g - 5*u = -0*u - 10. Suppose g*r - 8 = -4*r + v, 5*v = 20. Let a(p) = p**r + 2*p**2 - 1 + 0*p**2 + 0*p**3. Give a(-2).
-1
Let x(o) = -7 + o**2 + 2*o - 8*o + 0. What is x(7)?
0
Let i(d) = d**2 + 7*d + 5. Suppose 0*v - v + 53 = 3*u, -16 = 4*v. Suppose u = -4*q - 9. What is i(q)?
5
Let b(s) = -5*s**2 - 5*s - 5. Let d = 25 + -15. Let f(p) = p + 1. Let c(g) = d*f(g) + 2*b(g). What is c(1)?
-10
Suppose 3*x - 8 - 4 = 0. Let w(z) be the third derivative of -z**4/24 + z**3/3 + z**2. Determine w(x).
-2
Suppose y - 2*y - 3 = 0. Let c = y - -1. Let l(m) be the second derivative of m**5/20 + m**4/12 - m**3/2 - m**2/2 + 2*m. Give l(c).
1
Suppose 15 = 2*s - 2*j - 3*j, 4*s = j + 21. Suppose 4*h + 36 = -5*k, -4*h + 6 = -s*k + 2. Let q = 3 + h. Let a(w) = -3*w**3 + w**2 + 2*w + 1. Determine a(q).
3
Let b(n) = -1 - 4 - n + 0*n**2 + 8*n**3 + n**2 + 4. Determine b(-1).
-7
Suppose 0 = -2*u - 2*u + 8. Suppose -u = -4*r - 18. Let o(m) = -m**3 - 4*m**2 - m + 3. Determine o(r).
7
Let o(t) be the third derivative of -t**6/120 + t**5/6 + t**4/24 - 2*t**3 + 29*t**2. Determine o(10).
-2
Let x(y) = -2*y**3 + y - 3. Let r(d) = -4*d**3 + d**2 + 2*d - 7. Let b(t) = 2*r(t) - 5*x(t). Calculate b(-2).
-5
Suppose 3*q + 2*g = -18, 0 = -4*q - 3*g - 13 - 11. Let d = -3 - q. Let k(j) = -j - j**2 + d*j - 4*j - 3*j - 1. Give k(-5).
-1
Let a(i) = i**3 - 2*i**2 - 5*i + 3. Suppose -23 = 2*l - 29. What is a(l)?
-3
Let f(t) = t - 4. Let i be f(0). Let h(q) = 2*q**2 + 5*q + 4. Determine h(i).
16
Let n(g) = -g**2 + 8*g - 1. Let u be n(7). Let f be 1/(-3) + 17/(-3). Let o be f/15 - u/10. Let j(l) = -3*l**2. Give j(o).
-3
Suppose 0 = 3*a - 2*b - 26, a + 4*b + 4 = -a. Let h(s) = 13 + 4 - s - 3. Calculate h(a).
8
Let i(g) = g + 1. Let k be i(3). Suppose -7*y - 10 = -3*f - 2*y, -k*f = 4*y + 8. Let o(w) = f*w**2 - 4 - w**2 + 4 - w. Calculate o(1).
-2
Let y(l) be the second derivative of -9*l**5/20 + l**3/6 - 2*l. Suppose 5*q + 25 = -5*b, 3*b + 25 = -0*b - 5*q. Let i = -1 - b. Calculate y(i).
8
Let m(j) = -j**3 - 9*j**2 - 9*j - 6. Let z be m(-8). Let u(i) = -i**z + 6 - 26*i + 26*i. Give u(0).
6
Let r(a) = a**3 - 5*a**2 + 2*a - 7. Let x b